on factor of 13333 and 67?
67
What is the greatest common divisor of 1866 and 36?
6
What is the highest common factor of 36 and 306?
18
What is the greatest common factor of 1098 and 72?
18
What is the greatest common divisor of 45 and 10737?
9
Calculate the greatest common divisor of 21 and 24.
3
What is the greatest common factor of 598 and 39?
13
Calculate the highest common factor of 270 and 10.
10
Calculate the highest common divisor of 36 and 342.
18
What is the highest common factor of 6 and 600?
6
What is the greatest common divisor of 2940 and 12?
12
Calculate the highest common factor of 260 and 1157.
13
What is the highest common factor of 110 and 3685?
55
Calculate the greatest common divisor of 2727 and 189.
27
What is the greatest common factor of 132 and 12?
12
What is the highest common factor of 1653 and 957?
87
What is the greatest common factor of 1575 and 15?
15
What is the highest common factor of 949 and 52?
13
Calculate the greatest common divisor of 549 and 216.
9
Calculate the highest common factor of 23 and 34.
1
Calculate the highest common factor of 2258 and 6.
2
Calculate the greatest common divisor of 21 and 9.
3
Calculate the highest common factor of 7 and 112.
7
What is the greatest common factor of 52 and 13520?
52
Calculate the greatest common factor of 26 and 2652.
26
Calculate the highest common factor of 85 and 55.
5
Calculate the highest common divisor of 1414 and 202.
202
Calculate the highest common divisor of 54 and 414.
18
What is the highest common divisor of 1992 and 48?
24
What is the highest common factor of 10 and 25?
5
What is the highest common factor of 944 and 8850?
118
What is the highest common factor of 75 and 5150?
25
What is the highest common factor of 234 and 442?
26
Calculate the greatest common divisor of 28063 and 133.
133
What is the highest common divisor of 140 and 8190?
70
What is the greatest common divisor of 84 and 432?
12
What is the highest common divisor of 1122 and 330?
66
What is the greatest common factor of 4900 and 50?
50
What is the highest common divisor of 70 and 30?
10
What is the greatest common divisor of 35 and 220?
5
Calculate the greatest common divisor of 376 and 52.
4
What is the highest common factor of 34 and 68?
34
What is the greatest common factor of 4983 and 33?
33
What is the greatest common factor of 1649 and 153?
17
Calculate the greatest common factor of 7748 and 52.
52
What is the greatest common factor of 4424 and 56?
56
Calculate the highest common divisor of 105 and 301.
7
What is the highest common factor of 559 and 13?
13
What is the highest common divisor of 1264 and 80?
16
What is the highest common factor of 1126 and 6?
2
What is the highest common factor of 44 and 550?
22
Calculate the greatest common divisor of 12 and 32.
4
Calculate the highest common divisor of 1 and 101.
1
What is the greatest common factor of 90 and 3?
3
Calculate the highest common factor of 27 and 279.
9
What is the greatest common divisor of 4 and 141?
1
What is the greatest common divisor of 6037 and 1?
1
Calculate the greatest common divisor of 69 and 230.
23
What is the highest common divisor of 40 and 88?
8
Calculate the greatest common divisor of 90 and 16785.
45
What is the highest common factor of 133 and 3534?
19
What is the highest common factor of 55 and 13453?
11
Calculate the greatest common factor of 56 and 2198.
14
Calculate the highest common divisor of 4 and 706.
2
Calculate the highest common divisor of 1 and 211.
1
Calculate the greatest common divisor of 756 and 5481.
189
Calculate the greatest common divisor of 170 and 100.
10
What is the highest common factor of 22 and 77?
11
Calculate the greatest common factor of 29 and 1.
1
What is the highest common divisor of 20 and 140?
20
Calculate the greatest common divisor of 6 and 5952.
6
Calculate the greatest common divisor of 2756 and 78.
26
Calculate the highest common divisor of 118 and 22951.
59
Calculate the highest common divisor of 1544 and 64.
8
What is the highest common divisor of 100 and 30?
10
What is the highest common divisor of 273 and 3471?
39
Calculate the highest common factor of 18 and 4131.
9
What is the highest common divisor of 34 and 646?
34
What is the highest common factor of 4425 and 225?
75
Calculate the highest common factor of 7812 and 756.
252
Calculate the greatest common factor of 11 and 2189.
11
What is the greatest common divisor of 19 and 24719?
19
What is the highest common divisor of 305 and 244?
61
Calculate the highest common factor of 1072 and 16.
16
Calculate the highest common factor of 912 and 532.
76
What is the highest common factor of 710 and 10?
10
Calculate the greatest common divisor of 140 and 175.
35
What is the greatest common factor of 28 and 1134?
14
What is the highest common divisor of 122 and 50996?
122
Calculate the greatest common divisor of 32 and 8032.
32
Calculate the highest common factor of 5 and 40.
5
What is the highest common factor of 154 and 49?
7
What is the greatest common divisor of 25 and 86125?
25
What is the greatest common divisor of 1056 and 594?
66
What is the highest common divisor of 69 and 2300?
23
Calculate the highest common factor of 120 and 1152.
24
Calculate the greatest common divisor of 49 and 91.
7
Calculate the highest common factor of 62 and 14229.
31
Calculate the greatest common divisor of 274 and 3151.
137
What is the highest common divisor of 299 and 5221?
23
What is the greatest common divisor of 158 and 121502?
158
What is the highest common factor of 238 and 840?
14
Calculate the greatest common factor of 7124 and 822.
274
What is the highest common factor of 19173 and 83?
83
What is the greatest common factor of 1089 and 2299?
121
Calculate the highest common factor of 13261 and 178.
89
Calculate the greatest common divisor of 57 and 2565.
57
What is the highest common divisor of 10 and 16500?
10
Calculate the greatest common divisor of 9407 and 69.
23
Calculate the greatest common factor of 3549 and 42.
21
Calculate the highest common factor of 4 and 2260.
4
What is the greatest common divisor of 17591 and 718?
359
Calculate the highest common factor of 1086 and 6.
6
What is the greatest common factor of 2875 and 250?
125
Calculate the highest common factor of 88 and 1632.
8
Calculate the greatest common factor of 25 and 5.
5
What is the greatest common factor of 120 and 1032?
24
Calculate the greatest common divisor of 4876 and 184.
92
Calculate the highest common divisor of 1530 and 1215.
45
What is the greatest common divisor of 1210 and 330?
110
What is the greatest common divisor of 11 and 4829?
11
Calculate the greatest common factor of 112 and 1456.
112
What is the highest common factor of 8 and 324?
4
What is the greatest common factor of 36 and 36?
36
What is the greatest common factor of 43136 and 128?
128
Calculate the greatest common factor of 5 and 9865.
5
What is the highest common divisor of 88 and 16?
8
What is the greatest common divisor of 428 and 749?
107
What is the highest common factor of 7884 and 216?
108
What is the greatest common divisor of 310 and 80?
10
What is the greatest common divisor of 702 and 26?
26
Calculate the greatest common divisor of 153 and 81.
9
Calculate the greatest common divisor of 120 and 624.
24
Calculate the greatest common factor of 3152 and 197.
197
Calculate the greatest common divisor of 2904 and 121.
121
Calculate the greatest common divisor of 7 and 994.
7
Calculate the highest common divisor of 70 and 98.
14
What is the highest common factor of 792 and 891?
99
Calculate the highest common factor of 5335 and 55.
55
Calculate the highest common factor of 11 and 108119.
11
What is the highest common factor of 608 and 38?
38
Calculate the highest common factor of 3376 and 1055.
211
What is the highest common divisor of 1544 and 2123?
193
What is the greatest common factor of 861 and 21?
21
What is the highest common factor of 3698 and 172?
86
Calculate the greatest common factor of 1056 and 33.
33
What is the greatest common factor of 708 and 132?
12
What is the greatest common factor of 2401 and 14?
7
Calculate the highest common divisor of 9990 and 540.
270
Calculate the greatest common divisor of 3690 and 11890.
410
What is the highest com